{"id":19,"date":"2026-03-10T19:48:18","date_gmt":"2026-03-10T15:48:18","guid":{"rendered":"https:\/\/euroaz.az\/?page_id=19"},"modified":"2026-03-12T03:08:43","modified_gmt":"2026-03-11T23:08:43","slug":"elaq%c9%99","status":"publish","type":"page","link":"https:\/\/euroaz.az\/?page_id=19","title":{"rendered":"\u018flaq\u0259"},"content":{"rendered":"\n<h2 class=\"wp-block-heading\">&#x1f4cd; \u00dcnvanlar<\/h2>\n\n\n\n<p> <strong>Ba\u015f ofis<\/strong><br>Zorge k\u00fc\u00e7\u0259si, 28 May, Bak\u0131, Az\u0259rbaycan<\/p>\n\n\n\n<p> <strong>Logistika m\u0259rk\u0259zi<\/strong><br>\u018fl\u0259t Liman\u0131, Bak\u0131, Az\u0259rbaycan<\/p>\n\n\n\n<h2 class=\"wp-block-heading\">&#x1f4de; Telefon<\/h2>\n\n\n\n<p>+994 55 292 26 55<\/p>\n\n\n\n<h3 class=\"wp-block-heading\">&#x1f4e7; Email<\/h3>\n\n\n\n<p>info@euroaz.az<\/p>\n\n\n\n<h2 class=\"wp-block-heading\">&#x1f552; \u0130\u015f saatlar\u0131<\/h2>\n\n\n\n<p>Bazar ert\u0259si \u2013 \u015e\u0259nb\u0259<br>09:00 \u2013 18:00<\/p>\n\n\n\n<iframe loading=\"lazy\" src=\"https:\/\/www.google.com\/maps?q=Zorge+Street+28+May+Baku+Azerbaijan&#038;output=embed\" width=\"100%\" height=\"350\" style=\"border:0;\"><\/iframe>\n\n\n\n<p><\/p>\n","protected":false},"excerpt":{"rendered":"<p>&#x1f4cd; \u00dcnvanlar Ba\u015f ofisZorge k\u00fc\u00e7\u0259si, 28 May, Bak\u0131, Az\u0259rbaycan Logistika m\u0259rk\u0259zi\u018fl\u0259t Liman\u0131, Bak\u0131, Az\u0259rbaycan &#x1f4de; Telefon +994 55 292 26 [&hellip;]<\/p>\n","protected":false},"author":1,"featured_media":0,"parent":0,"menu_order":0,"comment_status":"closed","ping_status":"closed","template":"","meta":{"site-sidebar-layout":"default","site-content-layout":"","ast-site-content-layout":"default","site-content-style":"default","site-sidebar-style":"default","ast-global-header-display":"","ast-banner-title-visibility":"","ast-main-header-display":"","ast-hfb-above-header-display":"","ast-hfb-below-header-display":"","ast-hfb-mobile-header-display":"","site-post-title":"","ast-breadcrumbs-content":"","ast-featured-img":"","footer-sml-layout":"","ast-disable-related-posts":"","theme-transparent-header-meta":"","adv-header-id-meta":"","stick-header-meta":"","header-above-stick-meta":"","header-main-stick-meta":"","header-below-stick-meta":"","astra-migrate-meta-layouts":"default","ast-page-background-enabled":"default","ast-page-background-meta":{"desktop":{"background-color":"var(--ast-global-color-5)","background-image":"","background-repeat":"repeat","background-position":"center center","background-size":"auto","background-attachment":"scroll","background-type":"","background-media":"","overlay-type":"","overlay-color":"","overlay-opacity":"","overlay-gradient":""},"tablet":{"background-color":"","background-image":"","background-repeat":"repeat","background-position":"center center","background-size":"auto","background-attachment":"scroll","background-type":"","background-media":"","overlay-type":"","overlay-color":"","overlay-opacity":"","overlay-gradient":""},"mobile":{"background-color":"","background-image":"","background-repeat":"repeat","background-position":"center center","background-size":"auto","background-attachment":"scroll","background-type":"","background-media":"","overlay-type":"","overlay-color":"","overlay-opacity":"","overlay-gradient":""}},"ast-content-background-meta":{"desktop":{"background-color":"var(--ast-global-color-4)","background-image":"","background-repeat":"repeat","background-position":"center center","background-size":"auto","background-attachment":"scroll","background-type":"","background-media":"","overlay-type":"","overlay-color":"","overlay-opacity":"","overlay-gradient":""},"tablet":{"background-color":"var(--ast-global-color-4)","background-image":"","background-repeat":"repeat","background-position":"center center","background-size":"auto","background-attachment":"scroll","background-type":"","background-media":"","overlay-type":"","overlay-color":"","overlay-opacity":"","overlay-gradient":""},"mobile":{"background-color":"var(--ast-global-color-4)","background-image":"","background-repeat":"repeat","background-position":"center center","background-size":"auto","background-attachment":"scroll","background-type":"","background-media":"","overlay-type":"","overlay-color":"","overlay-opacity":"","overlay-gradient":""}},"footnotes":""},"class_list":["post-19","page","type-page","status-publish","hentry"],"_links":{"self":[{"href":"https:\/\/euroaz.az\/index.php?rest_route=\/wp\/v2\/pages\/19","targetHints":{"allow":["GET"]}}],"collection":[{"href":"https:\/\/euroaz.az\/index.php?rest_route=\/wp\/v2\/pages"}],"about":[{"href":"https:\/\/euroaz.az\/index.php?rest_route=\/wp\/v2\/types\/page"}],"author":[{"embeddable":true,"href":"https:\/\/euroaz.az\/index.php?rest_route=\/wp\/v2\/users\/1"}],"replies":[{"embeddable":true,"href":"https:\/\/euroaz.az\/index.php?rest_route=%2Fwp%2Fv2%2Fcomments&post=19"}],"version-history":[{"count":7,"href":"https:\/\/euroaz.az\/index.php?rest_route=\/wp\/v2\/pages\/19\/revisions"}],"predecessor-version":[{"id":85,"href":"https:\/\/euroaz.az\/index.php?rest_route=\/wp\/v2\/pages\/19\/revisions\/85"}],"wp:attachment":[{"href":"https:\/\/euroaz.az\/index.php?rest_route=%2Fwp%2Fv2%2Fmedia&parent=19"}],"curies":[{"name":"wp","href":"https:\/\/api.w.org\/{rel}","templated":true}]}}